ctor of a and 15.
15
Let u = -349 - -402. What is the greatest common factor of u and 265?
53
Suppose 2*z = 11*z + 639. Let o = z + 77. Suppose -c - 4*x = 3*c - 20, 3*c - 5*x - 23 = 0. What is the greatest common divisor of o and c?
6
Let u be (212/(-2))/((-2)/2). Let v = u + -66. Suppose -2*j - 2*j = -v. What is the greatest common divisor of j and 110?
10
Let y(o) = 47*o**2 + 10*o - 10. Let x be y(1). What is the highest common factor of 47 and x?
47
Let u(t) = 25*t + 23. Let v be u(2). What is the highest common factor of v and 438?
73
Let r(l) = 14*l. Let p be r(2). Suppose -5*a + 343 = p. Calculate the highest common divisor of 7 and a.
7
Let v = -2174 - -2273. Calculate the highest common divisor of v and 209.
11
Let f be (1 - 4) + 12/2. Let a be ((-35)/f)/((-2)/6). Let z(c) = -c - 1. Let o be z(-6). What is the highest common divisor of a and o?
5
Suppose 2*t - 2 = t - 2*i, -3*i = -2*t + 4. Let d(p) = -1 + 49*p - 3 + 2 - 1. Let s be d(t). What is the highest common divisor of s and 19?
19
Let x = 46 + -32. Suppose -7*f + x*f = 364. What is the greatest common divisor of f and 78?
26
Let u(k) = -k**3 + 6*k**2 - 3*k - 7. Let y be u(5). Suppose 0 = -0*c + 3*c - 39. Let g = c + -4. What is the greatest common divisor of g and y?
3
Let t be 59 - (0 + 8/(-2)). Suppose n + 4*l - 15 = 6*n, -n + l - 3 = 0. Let w be 95/15 + (-2)/n. What is the greatest common divisor of w and t?
7
Let j(f) = f**2 + 11*f + 25. Let l be j(-10). What is the greatest common factor of 135 and l?
15
Suppose 0 = 9*f + 4*f - 247. Calculate the greatest common factor of f and 437.
19
Suppose 2*u + b - 8 = 3*b, 4*u + b - 36 = 0. Suppose -75 - 213 = -4*z. What is the greatest common factor of u and z?
8
Suppose 2*l = -t - 3*t - 4, -5*t - 41 = -2*l. Let p(d) = 2*d**2 + 12*d - 19. Let k be p(l). Calculate the highest common divisor of 41 and k.
41
Suppose 0 = -40*d + 38*d + 506. Calculate the highest common factor of d and 44.
11
Let r(x) = -x**2 - 30*x - 198. Let b be r(-16). Calculate the highest common divisor of b and 338.
26
Let u(a) be the second derivative of a**5/20 - a**4/2 - a**3 + 3*a**2/2 - 2*a. Let d be u(7). Calculate the highest common divisor of 40 and d.
10
Let g be (-51360)/(-144) - 1*(-2)/6. What is the greatest common factor of 51 and g?
51
Let m(n) = -n**3 + 10*n**2 - 3*n - 9. Let k be m(9). What is the greatest common factor of 225 and k?
45
Let q = -3220 - -2169. Let u = q + 608. Let k = u + 762. Calculate the highest common divisor of 29 and k.
29
Let c(a) = -52*a - 16 + 31*a + 30*a. Let p be c(8). What is the highest common divisor of 16 and p?
8
Suppose -3*s + 64 = -200. Let b be ((-33)/2)/(168/16 - 12). What is the greatest common factor of s and b?
11
Let l = -39 - -69. Let y = -4 - -7. Suppose -b - 2*t = -98 + 19, y*b - 2*t - 221 = 0. Calculate the highest common divisor of l and b.
15
Suppose 10 = 2*w - 4*z, 2*w + 2*z - 11 - 5 = 0. Suppose 4*n = 82 + 46. Let l = n + 31. Calculate the greatest common factor of l and w.
7
Suppose 0 = -3*l + 1586 - 1178. Calculate the greatest common divisor of l and 2.
2
Let w be (3900/(-5))/(-6) - 2. What is the highest common factor of 96 and w?
32
Let u = -223 + 248. Calculate the greatest common divisor of 475 and u.
25
Let a(p) = p**3 + 6*p**2 + 5*p + 3. Let n be a(-5). Let z be (-1 + -5)/(1 - n). Let q be 1/3*(60 - z). Calculate the greatest common divisor of q and 19.
19
Let n(d) = -d**2 + 14*d + 6. Let r be n(12). What is the highest common factor of 35 and r?
5
Suppose -55*n = -57*n + 1148. What is the greatest common factor of 28 and n?
14
Let k(z) = 4*z**2 - 3*z - 79. Let g be k(7). Calculate the highest common factor of 3 and g.
3
Let d(f) = 154*f**2 - 1. Let r be d(1). Let n = -940 - -949. What is the highest common factor of n and r?
9
Suppose 0 = s + 2 - 5. Suppose 0 = -4*i + 4*w + 16, s*i + 2*w + 0*w = 17. What is the highest common divisor of i and 10?
5
Let r = -178 + 322. Calculate the greatest common factor of r and 9.
9
Let w be 26/(-3)*(-99)/6. Suppose 0 = -41*n + 351 + 182. What is the greatest common factor of n and w?
13
Suppose -h + 5*f - 6 = 2, 0 = -h + f - 16. Let z = -5 - h. Calculate the greatest common factor of 143 and z.
13
Let d(g) = -4*g + 105. Let y be d(22). What is the highest common divisor of y and 51?
17
Let f = 34 - 21. Suppose -5*u + 3*t = f, 8*u + 12 = 3*u + 2*t. Let d be (5 - -4)*u/(-6). Calculate the highest common divisor of d and 15.
3
Let v(a) = a**3 - 5*a**2 - 3*a + 3. Let p be v(7). Let t be (-36)/90 - (-556)/(-10). Let j = t + p. Calculate the highest common factor of 36 and j.
12
Let o = 782 - 441. What is the highest common divisor of 62 and o?
31
Suppose 104 = 3*k - 4*x, 7*k - 8*k + 20 = -5*x. Calculate the highest common factor of k and 10.
10
Let a be 1 + (-126)/(-16) + (-22)/(-176). Suppose 3*k = -2*k + 135. Calculate the highest common factor of a and k.
9
Let a(v) = 6*v - 6. Let x be a(5). Suppose 0 = 3*n - 5*z - 2 + 7, -4*n = 5*z + 30. Let t be 4/x*(1 - n). Calculate the highest common divisor of t and 1.
1
Let c be (-2)/(-8) + (-237)/(-12). Let k = 22 + -20. Suppose 0 = -4*i - 4, -i = 2*w - k*i - 101. What is the highest common factor of w and c?
10
Suppose -2*k + 2*h = -4, 7*k - 12 = 4*k + h. What is the greatest common factor of k and 3?
1
Suppose 0 = 5*i - 5*b - 60, 2*i - 4*b - 32 = -2. What is the highest common divisor of i and 387?
9
Let w(x) = x - 4. Let r be w(0). Let b be r/(-18) + 195/(-27). Let v = b + 11. Calculate the greatest common divisor of v and 36.
4
Let w(i) = i**3 + i**2 - i - 1. Let n be w(1). Let b be (-108)/(-6 - -2) + n. What is the highest common factor of 18 and b?
9
Suppose -l + 26 = -158. What is the greatest common divisor of l and 23?
23
Suppose -62 = -6*k + 4. Calculate the highest common factor of 11 and k.
11
Let c(k) be the third derivative of k**4/3 + 2*k**2. Let g(m) = 2*m**3. Let s be g(1). Let w be c(s). Calculate the highest common divisor of 4 and w.
4
Let h be 0 - (-44 + (-1 - 0)). Let b(q) = -q**2 + 19*q - 30. Suppose -32 = 2*l - 4*l. Let w be b(l). Calculate the highest common factor of h and w.
9
Suppose 25*p - 23*p - 62 = -2*n, -5*n + 31 = p. Calculate the greatest common divisor of 1519 and p.
31
Let p = -4 + 4. Let w be (p - 6/9) + 35/3. Calculate the highest common factor of 44 and w.
11
Let x be 25/5*(-6)/(-15). Suppose 5*p - x = 8. Let r = 6 - 4. Calculate the highest common divisor of r and p.
2
Let d be (-4)/(-30) + (-4 - (-532)/60). Calculate the highest common factor of d and 3.
1
Let z = -89 + 100. What is the highest common divisor of 77 and z?
11
Let l be (3 - -4) + (0 - -2). Suppose -2*i + 1 = l. Let w be (-1)/i + (-66)/(-24). Calculate the highest common factor of w and 3.
3
Let h = -45 + 72. Suppose 0 = -o - 3*x + 7, x = -4*o - 3*x + 20. Suppose -5*a + 3*s = -54, 0*s + o*s + 3 = -a. Calculate the greatest common divisor of h and a.
9
Let m be (1 - 3)*(-290)/20. What is the highest common factor of m and 87?
29
Let l = -6 + 6. Suppose l = -k - 8 + 36. Suppose -p - 18 = -2*c + c, 2*c = -p + 24. What is the greatest common factor of k and c?
14
Suppose 4*o + 1568 = 32*o. Let m = 21 - 14. Calculate the highest common divisor of m and o.
7
Suppose 0 = -4*g + 2139 + 2849. Calculate the greatest common divisor of g and 43.
43
Let f(p) = p + 1. Let g be f(6). Suppose -2*n + 3 + 11 = 0. Calculate the highest common divisor of g and n.
7
Suppose -1917*b = -1925*b + 576. What is the greatest common factor of b and 522?
18
Let x(v) = v**2 + 7*v - 9. Let j be x(6). Suppose -11*a = -14*a + j. Calculate the greatest common divisor of 253 and a.
23
Let a be -13 - -19 - 112/(1 + -5). Suppose -n - 102 = -3*n. Calculate the highest common divisor of n and a.
17
Let v be (-1)/(7*(-4)/1456). What is the highest common factor of 598 and v?
26
Suppose -73 = -7*t + 172. What is the highest common factor of t and 315?
35
Suppose 411 = 7*w + 61. Suppose 5*f - 49 = -a, -3*f - 4*a = -6 - 20. Calculate the greatest common factor of w and f.
10
Suppose -29*q - 10*q = -1326. Calculate the highest common divisor of q and 153.
17
Suppose 4*m - 1590 = -5*l, 41*m + 1194 = 44*m + 3*l. Calculate the highest common factor of m and 32.
16
Let c = 4 + -2. Suppose -c*b - 144 = -0*b. Let z be (b/(-3))/(1/5). Calculate the greatest